t r be ((-273)/12)/((7 + -10)/102)*2. Suppose -i - o - 3*o + 29 = 0, 3*i - 47 = -2*o. Suppose -i*d + r = -0*d. What is the hundreds digit of d?
1
Suppose -c + 6*u - 7*u + 12 = 0, -4*c + 3*u = -13. What is the hundreds digit of 9606/18 - c/(-21)?
5
Let b(p) = -8*p - 251. Let c be b(-32). Suppose 3020 = 4*r - c*d + 534, 0 = 5*r - 2*d - 3099. What is the tens digit of r?
1
Let i(k) = -6*k + 96. Let x be i(11). What is the units digit of (161/(-14))/((-1)/x)?
5
What is the tens digit of (8 - -3*284255/30) + (-15)/6?
3
Suppose 107 + 790 = -3*q. Let p = -188 - q. What is the hundreds digit of p?
1
Suppose 1750 = 5*i - 4*l - l, 0 = 4*i + 4*l - 1376. Suppose 8*c - 9*c + i = 0. What is the units digit of c?
7
Suppose 4*r = -3*w + 61, -3*w = -7*w - 5*r + 80. Suppose -18*x + w*x = 0. Suppose x = -12*k + 909 - 69. What is the tens digit of k?
7
Let s = -113 + 129. Let l = -5 - -5. Suppose l = t - s + 9. What is the units digit of t?
7
Let w = 4384 - 2370. Suppose 2*s - 2010 = -3*j + 5*s, -w = -3*j - s. What is the hundreds digit of j?
6
Suppose 424657 = 59*n - 175019. What is the hundreds digit of n?
1
Let s(l) = 3*l**3 + 8*l**2 + 10*l + 164. What is the units digit of s(17)?
5
What is the hundreds digit of (3 + (-1410)/(-126) - (-42)/(-49))*2325?
0
Let r = 34 + -74. Let c = r - -50. What is the tens digit of ((-144)/c)/((-6)/20)?
4
Suppose 0 = 16*j + 3*j - 57. Suppose -j*a = 5*q - 1200, 2*q - 6*q + 5*a + 923 = 0. What is the tens digit of q?
3
Let h be 4*(46/8 + 64/(-16)). Suppose h*m - 576 = -m. What is the units digit of m?
2
Suppose -5 = j + 3*k - 2*k, -5*j + 3*k - 1 = 0. Let l be -1 + 350/4 + j/(-4). Let g = l + -52. What is the tens digit of g?
3
Let x be 1/(-3) - (-20)/(-12). Let w be (0/x)/(-3 + 5). What is the units digit of (w - (-95)/15)/(1/9)?
7
Suppose -89*k - 243578 + 679859 = -424260. What is the thousands digit of k?
9
What is the thousands digit of 315/210 + ((-302994)/4)/(-3)?
5
Suppose 4*z = -2*x + 26880, -z + 0*z = -3*x - 6727. Suppose 24*t - z - 9575 = 0. What is the hundreds digit of t?
6
Let q(x) = -134*x - 589. What is the tens digit of q(-61)?
8
Let x be 7 + (1624 - 6) + (-4 - 0). Suppose -x = -u - 5*p, 8215 = 5*u - 33*p + 36*p. What is the tens digit of u?
4
Suppose 739404 = 23*o - 462530 + 404409. What is the thousands digit of o?
4
Let u = 7053 + 21768. What is the tens digit of u?
2
Suppose 0 = 10*l - 86 + 6. Suppose -l*g - g = -4977. What is the units digit of g?
3
Suppose 112 = -6*t - 206. Let o = 59 + t. Suppose 0 = -3*l + o, -5*l + 330 = 3*q - q. What is the hundreds digit of q?
1
What is the hundreds digit of (8 - 7 - 194)/(2/(-208))?
0
Let b = 8968 + 9228. What is the ten thousands digit of b?
1
Let s(a) = 4*a + 58. Let y be s(0). Suppose 225 - y = j. Let i = j - 91. What is the tens digit of i?
7
Let x = 14 + 4. Let s(h) = -6 + x*h + 14*h + 4*h - 4. What is the units digit of s(3)?
8
Suppose -6*a = -a - 100. Suppose -f + 23 = 3*d + f, a = -4*f. Let o = 47 - d. What is the tens digit of o?
3
Let w(g) = -g**2 + 15. Let q = 90 + -89. Let u(r) = r**2 + r. Let v(o) = q*w(o) + 2*u(o). What is the units digit of v(8)?
5
Let p = 5932 + 10154. What is the ten thousands digit of p?
1
Let k = 508 - -4316. What is the hundreds digit of k?
8
Let q = 25420 + -4365. What is the thousands digit of q?
1
Let q = 2 - 9. Let v(c) = 2*c**3 + 15*c**2 + 5*c + 10. Let p be v(q). Let a = p - -58. What is the units digit of a?
2
Let u(k) be the first derivative of -k**2/2 + 571*k - 87. What is the hundreds digit of u(0)?
5
Let b(k) = 49*k**3 - 5*k**2 + 19*k - 14. What is the thousands digit of b(6)?
0
Let p = 180 + -178. Suppose -p*i - 3*k + 631 = 0, i + 12 = -k + 325. What is the units digit of i?
8
Suppose -26702 + 4823 = -2*v - 3*d, -5*v + 3*d = -54687. What is the ten thousands digit of v?
1
Let n be (-3 + 70/15)/(1/(-54)). Let o = n + 77. Let s(m) = -m**2 - 13*m + 1. What is the units digit of s(o)?
1
Let y(f) = 3*f**2 + f + 8. Let j be y(3). Let c = -23 + j. Suppose -10*k + c*k - 500 = 0. What is the tens digit of k?
0
Suppose -20*z = -25*z + 550. Suppose 8*i = 3598 - z. What is the tens digit of i?
3
Let x = -33 + 35. Suppose x*f = 12 - 6. Suppose 2*g = -f*g + 210. What is the units digit of g?
2
Let j(x) be the first derivative of -x**2/2 + 6*x + 23. Let u be j(-5). Suppose -u*t + 4*t = -525. What is the units digit of t?
5
Let u = 5136 + -1387. What is the thousands digit of u?
3
What is the units digit of 19/(95/25) + 8127?
2
Let b(n) = -n**3 - 20*n**2 - n + 23. Let w be b(-21). Suppose w = 14*t - 8195. What is the units digit of t?
0
Let l be (217/(-3))/(1/3). Let x be 18/4*(-30 - -6). Let h = x - l. What is the units digit of h?
9
Let m(r) = -r**3 - 14*r**2 + 48*r - 48. Let h be m(-17). Suppose -2303 = -h*t + 4*d, 16*d - 17*d - 766 = -t. What is the tens digit of t?
6
Suppose 0 = 210*o - 4634979 - 8957276 + 1456355. What is the units digit of o?
0
Let h = -2622 + 6236. What is the thousands digit of h?
3
Let o(m) = -8*m - 57. Suppose -6 - 7 = r. Let s be o(r). Suppose 107 = 2*f - s. What is the units digit of f?
7
Let n(x) = 582*x**2 - x. Let l be n(1). Let i = 964 - l. What is the units digit of i?
3
Let c(g) = 329*g + 13026. What is the hundreds digit of c(0)?
0
Let n = 63 + -121. Let t = n - -59. Let p(y) = 60*y**2 - 2*y + 1. What is the tens digit of p(t)?
5
Suppose -98*c + 1647538 + 1087446 = 0. What is the thousands digit of c?
7
Suppose 0 = 2*y - 2291 + 575. Suppose -4*q = 3*n - y, 0*n + 885 = 3*n - 5*q. What is the units digit of n?
0
Suppose -4950209 - 1166848 = -124*i - 1590809. What is the thousands digit of i?
6
Suppose -3*k + 18992 = k - 2*i, -4*i = 4*k - 19028. What is the units digit of k?
1
Suppose 53*q - 167376 = 221729 + 146937. What is the units digit of q?
4
Let c(l) = 2*l**3 + 7*l**2 - 10*l + 5. Let f be c(-7). Let d = f + 469. What is the units digit of d?
1
Let s(a) = 72*a**2 - 390*a**3 - 70*a**2 + 2 + 0*a - 4 - a. What is the tens digit of s(-1)?
9
Suppose 285 = -4*d - 3*g, -155 = 2*d - 2*g - 9. Let u = d + 76. Suppose -u*i - j = -4*j - 642, 0 = j - 2. What is the units digit of i?
2
Let w(l) = 17*l**2 - 3*l - 39. Suppose -12*m - 15*m - 189 = 0. What is the tens digit of w(m)?
1
Suppose -14 = -6*d - d. Suppose 114 = 3*z - 3*a, -a = d*z - 55 - 24. What is the tens digit of z?
3
What is the thousands digit of (-5 + (-164)/(-28))/((-4)/(-190778)) - -3?
0
Let l(p) = 64*p**2 + 1115*p - 126. What is the thousands digit of l(-35)?
9
Suppose -3*d = -5*l - 104830, -268*d = -263*d - 2*l - 174742. What is the hundreds digit of d?
9
Let m = -13363 + 16706. What is the tens digit of m?
4
Let n(t) = -3*t**3 + t**2 - 1. Let g be n(-1). Suppose -41*a - 9*a = -29*a - 105. Suppose -382 = -3*r + a*z + 236, g = -z. What is the tens digit of r?
0
Let j be 248/3 - (-6 + 180/27). Let i = j + -78. Suppose 186 = 2*l - i*b, 3*l - 334 = -4*b - b. What is the tens digit of l?
0
Suppose -5*d = 10, 4*o + 28*d - 32*d + 524 = 0. Let w = o + 140. What is the units digit of w?
7
Suppose 7*z - 3 + 3 = 0. Let n be -4 + z + -5 + 12. Let h(w) = 11*w + 14. What is the tens digit of h(n)?
4
Let a be (-13)/(-3) + 9/(-27). Suppose -3*d + 7*d = 2*j - 102, 20 = -a*d. Let n = 30 + j. What is the units digit of n?
1
Let p(d) be the second derivative of d**4/4 - d**3/3 - 33*d**2/2 + 7*d - 6. What is the tens digit of p(-9)?
2
Let z = 334 + -448. What is the units digit of (2 + 12)/(-6*1/z)?
6
Let x(w) = -6*w**2 - w. Let y be x(-1). Suppose -5*p + 2930 = -5*c, -4*c - 2392 = -335*p + 339*p. What is the tens digit of 6/(-15) + c/y?
1
Let z = 101 + -77. Suppose -4162 = z*k - 21778. What is the hundreds digit of k?
7
Let g be 5 + (-5 - (-497 + 6)). Suppose -132 = m - g. What is the units digit of m?
9
Let u(o) = -11*o - o**3 + 1 - 6*o**2 + 4*o**2 - 11. Let z be u(-4). Let m = z - 31. What is the units digit of m?
5
Let u(y) = 7*y + 28. Let z be u(-4). Suppose z = -q - 0 - 18. What is the tens digit of (q/7)/((-15)/350 - 0)?
6
Suppose -373 = -4*w + 1203. Let r = 1529 + -1802. Let q = r + w. What is the tens digit of q?
2
Suppose -353232 = -o - 8*o - 24*o. What is the hundreds digit of o?
7
Let n(w) = w**2 + 14*w + 4. Let f = -133 - -119. Let c be n(f). What is the tens digit of (-9)/6 - -2 - (-438)/c?
1
Let m(p) = -p**3 + 23*p**2 - 121*p + 10. Let o be m(18